*c**2 + 8*c + 9. Let b be i(-4). Suppose 0 = -3*d - 9 - 9. What is the units digit of b/42 + (-67)/d?
1
Let c = 38 + -23. Suppose 0 = -11*l + c*l - 360. What is the tens digit of l?
9
Let h(q) = q + 1. Let v(f) = -f**3 - 4*f**2 - 6*f - 6. Let n(r) = 5*h(r) + v(r). Let b be n(-4). What is the units digit of b + (0 - 1) - 0?
2
Let j(y) = y**3 + 8*y**2 - y. Let d be j(-8). Suppose -12*c + 488 = -d*c. What is the units digit of c?
2
Let s be 10/60 + 425/6. Suppose -291 = -5*p - s. What is the tens digit of p?
4
What is the hundreds digit of (2442/(-5))/(426/(-1420))?
6
Let r(p) = -p**2 + 11*p - 12. Let v be r(9). Suppose -2*j + 0*j = -v. Suppose 53 = j*x - 4*a, 5*a + 47 = -2*x + 4*x. What is the tens digit of x?
1
Let m = 14 + -9. Suppose 0 = 2*w - m + 1. Suppose -q - 4*q + 2*h = -139, 3*q = w*h + 85. What is the units digit of q?
7
What is the units digit of (-25626)/(-42) - (-3)/(-21)?
0
What is the hundreds digit of (-30440)/(-56) + 8/(-14)?
5
Suppose z - 2774 = 3*g, 13*z + 5559 = 15*z + 5*g. What is the units digit of z?
7
Suppose 4*u + 5*x - 932 = 0, 4*x + 872 = 3*u + 204. Let w = -62 + u. What is the tens digit of w?
6
Suppose -2*f - 3*q = f - 675, -5*q - 1105 = -5*f. What is the tens digit of f?
2
Suppose -2*k - 86 = 3*q, 2*k - q + 11 = -83. Let l(n) = 4*n**2 - n. Let s be l(-5). Let t = s + k. What is the units digit of t?
9
What is the thousands digit of (13230/567)/(2/186)?
2
Let s = -333 - -710. What is the units digit of s?
7
Let c(r) = -2*r**2 - 22*r + 1. Let h = 94 - 105. What is the units digit of c(h)?
1
Suppose b - 17*t - 237 = -20*t, 0 = -5*b + t + 1265. What is the tens digit of b?
5
Let d(m) be the first derivative of m**4/4 + 16*m**3/3 + 31*m**2/2 + 14*m - 38. What is the tens digit of d(-12)?
1
Let n(q) = 6*q**2 + 10*q - 13. Let c(h) = 2*h**2 + 3*h - 4. Let v(k) = -8*c(k) + 3*n(k). What is the tens digit of v(6)?
0
Let a = -452 + 722. Let o = 428 - a. What is the tens digit of o?
5
Let k(x) = x**2 + x + 2. Let z be k(0). Let o(r) = 8 - r - 5 - z. What is the units digit of o(-3)?
4
Suppose 6*i - 8 = 2*i, -5*a + 253 = 4*i. Suppose s - a = 23. What is the tens digit of s?
7
Let m be (-3)/(-6) - 21/(-6). Suppose -5*s + 600 = -2*x, m*s + x + 0*x = 480. What is the tens digit of s?
2
Let o(t) = 4*t**2 + 13*t**2 + 20 + 2*t**3 - 17*t - 3*t**3. Let y be o(16). What is the tens digit of ((-22)/y)/((-2)/4)?
1
Suppose x - 84 + 8 = -5*u, 4*x - 3*u - 189 = 0. Suppose -4*m + m = -x. Suppose -3*v + 103 = -m. What is the units digit of v?
0
Suppose 0 = -6*f + 9*f. Suppose 25 = u - f*u. Let z = u + 1. What is the units digit of z?
6
Let p(j) = -2 + 6 - 7*j - 2 + 2*j**2. Let r be (-4)/(-10) - (-784)/140. What is the units digit of p(r)?
2
Suppose -4*z - 89 - 751 = 0. Let m = -90 - z. What is the tens digit of m?
2
Suppose 120*z - 116*z - 16 = 0. Suppose 7*d + 2*s = z*d + 531, -2*d + 335 = -5*s. What is the tens digit of d?
7
Let k be (3 - -21)/((-21)/(-224)). Suppose 0 = 3*z + 5*z - k. What is the tens digit of z?
3
Let n(g) = -g**3 + g**2 + 2*g - 3. Let q be n(-3). Suppose -18 = -3*m + q. What is the units digit of m?
5
Let l = 280 + 2424. What is the thousands digit of l?
2
Let d = 967 - -240. What is the units digit of d?
7
Suppose -16*d = 54*d - 35910. What is the tens digit of d?
1
Let w(c) = 4*c**2 + 46*c - 2. What is the tens digit of w(8)?
2
Suppose -10*g + 2290 = -1010. What is the tens digit of g?
3
Let j(v) = v**2 + 14*v + 19. Let p be j(-12). What is the units digit of 672/60 + 1/p?
1
Let x = 451 - -325. What is the hundreds digit of x?
7
What is the thousands digit of 938431/169 + (37/(-13) - -3)?
5
Suppose 0 = -11*w + 756 + 927. What is the hundreds digit of w?
1
Let i = 79 + -75. Suppose i*q + 80 = -3*r + 552, -2*r + 354 = 3*q. What is the tens digit of q?
1
Let y(p) = 703*p + 29. What is the thousands digit of y(2)?
1
Let y be (70/21 + -6)/(2/(-3)). Suppose -5*k + 3*a = -1341, -822 = -0*k - 3*k - y*a. What is the tens digit of k?
7
Let y(z) = 3*z + 9. Let l be y(-3). Suppose 51 = g + 20. Suppose -w + 2 + g = l. What is the tens digit of w?
3
Let g(t) = -963*t**2 + 3*t + 2. Let u be g(-1). Let x be u/36 + 4/(-18). Let a = 53 + x. What is the tens digit of a?
2
Let t(o) = 191*o + 14. What is the units digit of t(2)?
6
What is the tens digit of (36/(-63))/(2/(-14)) + 664?
6
Let t be (0/(1 - 4))/(-3). Suppose t*i - 28 = -2*g - 4*i, 5*g - 5*i = 100. What is the units digit of g?
8
Suppose 0*x + 96 = -2*x. Let h(k) = 16*k + 41. Let g be h(-7). Let v = x - g. What is the units digit of v?
3
Let r = 4321 + -2144. What is the units digit of r?
7
Suppose -8*l = 2*l + 1050. What is the units digit of (l/(-10) - 2)*12?
2
Let x(q) be the third derivative of q**6/60 - q**5/10 - q**4/6 + q**3/6 + 5*q**2. Let z be x(5). Suppose 0 = -4*h + 19 + z. What is the tens digit of h?
2
Let u(t) = 8*t**2 + 3*t - 156. What is the units digit of u(-12)?
0
Let u be (-1)/(-4)*10*2. Let c be (30/(-25))/((-2)/u). Suppose -4*w = c*s - 91, 5*w + s - 44 = 67. What is the units digit of w?
2
Suppose r - 4 = -5*y - r, -y = -3*r + 6. What is the hundreds digit of 247 + y + (-32)/8?
2
Let i(v) = -v**3 + 2*v**2 + 10*v - 5. Let g be i(4). Let f(m) = -8 - m**2 - g + 14*m + 5 - 9. What is the units digit of f(6)?
3
Suppose -12*l = -8*l - 160. Suppose l = -v + 104. What is the units digit of v?
4
Suppose -4*i = 2*c - c - 27, -4*c = -i - 6. Suppose -i - 6 = -3*l. Suppose -9 = l*y - 93. What is the tens digit of y?
2
Let l(s) = -s**3 - 18*s**2 + 2. Let v be l(-18). Suppose -3*u - r - 88 = -6*u, v*u - 2*r = 52. What is the tens digit of u?
3
Suppose -1421 = -5*f + 2*r + 1831, 4*f - 2612 = -r. What is the units digit of f?
2
Suppose 4*p + 70 = o - 6*o, -p - 7 = -4*o. Let w = p - -70. What is the tens digit of w?
5
Let d = 25 - 23. Suppose -3*o - 2*i + 222 = -5*i, -d*i = -5*o + 364. What is the tens digit of o?
7
Let f(r) = 3*r + 8. Let o(z) = -z**3 - 2*z**2 + 3*z - 9. Let n be o(-4). What is the tens digit of f(n)?
4
Let d = -148 - -158. What is the tens digit of d?
1
Suppose -41826 = 18*k - 102576. What is the thousands digit of k?
3
Suppose -21 - 15 = 3*y. Let o = -1 - y. Let k = o - 0. What is the tens digit of k?
1
Let t(n) = n - 8. Let f be 0/((-2)/(1 - -1)). Suppose -29 = -z - 3*w, 2*z - w = -f*z + 23. What is the units digit of t(z)?
6
Suppose 4*o - 19816 = n, -10*o + 5*o + 3*n = -24777. What is the hundreds digit of o?
9
Suppose 0 = 2*g - 3*g. Suppose g*z - 144 = -4*z. Suppose 0 = 3*o - 5*o + z. What is the units digit of o?
8
Let j(q) = q**3 - 19*q**2 - 18*q - 36. Let v be j(20). Suppose -5*p - 17 = 4*a - 112, 0 = -4*p - v*a + 76. What is the tens digit of p?
1
Suppose 0 = d - 160 - 54. Suppose 2*i = 70 + d. What is the tens digit of i?
4
Let j(m) = 503*m**3 + 4*m**2 - 4*m + 2. What is the tens digit of j(1)?
0
Let f(t) = -6*t**2 + 15*t - 37. Let d(h) = 13*h**2 - 29*h + 72. Let u(j) = -4*d(j) - 9*f(j). What is the units digit of u(16)?
3
Suppose 6*t = 2*t - 20. What is the hundreds digit of t + (-5)/(30/(-1566))?
2
Let i = -6949 - -9898. What is the units digit of i?
9
Let c be -3 + 10/(-8)*-4. Suppose 0 = c*b + b - 132. What is the units digit of b?
4
Let v(h) = -65*h - 372. Let s be v(-6). Suppose 2 = 2*r - 2. Suppose -q - r*x + s = 0, 3*q - 6*q + 94 = -2*x. What is the tens digit of q?
2
What is the hundreds digit of 180/20 - 25*-39?
9
Suppose -y = -2*y + 2. What is the tens digit of (1740/90)/(0 - y/(-12))?
1
Suppose 2*o - 613 = -3*q, 11*o = 12*o + 7*q - 312. What is the tens digit of o?
0
Let m be 6/(-4) + (-189)/14. Let g = m + 19. Suppose -g*b = -f + 50, 3*f - 5*b - 90 = 39. What is the units digit of f?
8
Let v(s) = -s**3 + 13*s**2 + 9*s + 3. What is the hundreds digit of v(6)?
3
Let j be (-206)/(-10) + 3/(-5). Let n(k) = -1 + 11*k + k**2 - j*k + 2 + 8*k. What is the units digit of n(-4)?
1
Let l be (-6)/(-21) + 2544/14. Suppose -5*i - 65 + l = 3*o, 0 = 3*i + 4*o - 79. Let m = i + -13. What is the units digit of m?
8
Let m = -2079 + 4017. What is the hundreds digit of m?
9
Suppose 0 = 2*z - 6 - 6. Suppose 15*m = 16*m - z. What is the units digit of m?
6
Let p(b) = -b**3 + 4*b**2 + 4*b + 2. Let t be 24/3 + 2/2. Let l = t - 5. What is the units digit of p(l)?
8
Let c = -968 + 1203. What is the tens digit of c?
3
Let g(s) = 2*s**2 - 91*s - 23. What is the 